{"id":1378,"date":"2022-05-09T16:14:51","date_gmt":"2022-05-09T14:14:51","guid":{"rendered":"https:\/\/studiodermostylist.fr\/?page_id=1378"},"modified":"2023-04-16T18:05:04","modified_gmt":"2023-04-16T16:05:04","slug":"lapres-cancer","status":"publish","type":"page","link":"https:\/\/studiodermostylist.fr\/?page_id=1378","title":{"rendered":"L&rsquo;apr\u00e8s Cancer"},"content":{"rendered":"\t\t<div data-elementor-type=\"wp-page\" data-elementor-id=\"1378\" class=\"elementor elementor-1378\">\n\t\t\t\t\t\t\t\t\t<section class=\"elementor-section elementor-top-section elementor-element elementor-element-1f3347e7 elementor-section-height-min-height elementor-section-items-bottom elementor-section-stretched elementor-section-boxed elementor-section-height-default\" data-id=\"1f3347e7\" data-element_type=\"section\" data-settings=\"{&quot;stretch_section&quot;:&quot;section-stretched&quot;,&quot;background_background&quot;:&quot;classic&quot;}\">\n\t\t\t\t\t\t<div class=\"elementor-container elementor-column-gap-no\">\n\t\t\t\t\t<div class=\"elementor-column elementor-col-50 elementor-top-column elementor-element elementor-element-3072c74d\" data-id=\"3072c74d\" data-element_type=\"column\">\n\t\t\t<div class=\"elementor-widget-wrap elementor-element-populated\">\n\t\t\t\t\t\t\t\t<div class=\"elementor-element elementor-element-19dc089 elementor-widget elementor-widget-testimonial\" data-id=\"19dc089\" data-element_type=\"widget\" data-settings=\"{&quot;_animation&quot;:&quot;none&quot;}\" data-widget_type=\"testimonial.default\">\n\t\t\t\t<div class=\"elementor-widget-container\">\n\t\t\t<style>\/*! elementor - v3.6.5 - 27-04-2022 *\/\n.elementor-testimonial-wrapper{overflow:hidden;text-align:center}.elementor-testimonial-wrapper .elementor-testimonial-content{font-size:1.3em;margin-bottom:20px}.elementor-testimonial-wrapper .elementor-testimonial-name{line-height:1.5;display:block}.elementor-testimonial-wrapper .elementor-testimonial-job{font-size:.85em;display:block}.elementor-testimonial-wrapper .elementor-testimonial-meta{width:100%;line-height:1}.elementor-testimonial-wrapper .elementor-testimonial-meta-inner{display:inline-block}.elementor-testimonial-wrapper .elementor-testimonial-meta .elementor-testimonial-details,.elementor-testimonial-wrapper .elementor-testimonial-meta .elementor-testimonial-image{display:table-cell;vertical-align:middle}.elementor-testimonial-wrapper .elementor-testimonial-meta .elementor-testimonial-image img{width:60px;height:60px;border-radius:50%;-o-object-fit:cover;object-fit:cover;max-width:none}.elementor-testimonial-wrapper .elementor-testimonial-meta.elementor-testimonial-image-position-aside .elementor-testimonial-image{padding-right:15px}.elementor-testimonial-wrapper .elementor-testimonial-meta.elementor-testimonial-image-position-aside .elementor-testimonial-details{text-align:left}.elementor-testimonial-wrapper .elementor-testimonial-meta.elementor-testimonial-image-position-top .elementor-testimonial-details,.elementor-testimonial-wrapper .elementor-testimonial-meta.elementor-testimonial-image-position-top .elementor-testimonial-image{display:block}.elementor-testimonial-wrapper .elementor-testimonial-meta.elementor-testimonial-image-position-top .elementor-testimonial-image{margin-bottom:20px}<\/style>\t\t<div class=\"elementor-testimonial-wrapper\">\n\t\t\t\t\t\t\t<div class=\"elementor-testimonial-content\">Vous <b>reconstruire<\/b><br>apr\u00e8s le <b>cancer<\/b><\/div>\n\t\t\t\n\t\t\t\t\t<\/div>\n\t\t\t\t<\/div>\n\t\t\t\t<\/div>\n\t\t\t\t\t<\/div>\n\t\t<\/div>\n\t\t\t\t<div class=\"elementor-column elementor-col-50 elementor-top-column elementor-element elementor-element-4deb3f90\" data-id=\"4deb3f90\" data-element_type=\"column\">\n\t\t\t<div class=\"elementor-widget-wrap elementor-element-populated\">\n\t\t\t\t\t\t\t\t<div class=\"elementor-element elementor-element-6ed0d2a3 elementor-widget elementor-widget-image\" data-id=\"6ed0d2a3\" data-element_type=\"widget\" data-widget_type=\"image.default\">\n\t\t\t\t<div class=\"elementor-widget-container\">\n\t\t\t<style>\/*! elementor - v3.6.5 - 27-04-2022 *\/\n.elementor-widget-image{text-align:center}.elementor-widget-image a{display:inline-block}.elementor-widget-image a img[src$=\".svg\"]{width:48px}.elementor-widget-image img{vertical-align:middle;display:inline-block}<\/style>\t\t\t\t\t\t\t\t\t\t\t\t<img loading=\"lazy\" decoding=\"async\" width=\"435\" height=\"435\" src=\"https:\/\/studiodermostylist.fr\/wp-content\/uploads\/2022\/05\/AdobeStock_378563758-1-435x435.jpeg\" class=\"attachment-blossom-feminine-blog size-blossom-feminine-blog\" alt=\"dermopigmentation reparatrice - l&#039;apr\u00e8s cancer\" srcset=\"https:\/\/studiodermostylist.fr\/wp-content\/uploads\/2022\/05\/AdobeStock_378563758-1-435x435.jpeg 435w, https:\/\/studiodermostylist.fr\/wp-content\/uploads\/2022\/05\/AdobeStock_378563758-1-300x300.jpeg 300w, https:\/\/studiodermostylist.fr\/wp-content\/uploads\/2022\/05\/AdobeStock_378563758-1-1024x1024.jpeg 1024w, https:\/\/studiodermostylist.fr\/wp-content\/uploads\/2022\/05\/AdobeStock_378563758-1-150x150.jpeg 150w, https:\/\/studiodermostylist.fr\/wp-content\/uploads\/2022\/05\/AdobeStock_378563758-1-768x768.jpeg 768w, https:\/\/studiodermostylist.fr\/wp-content\/uploads\/2022\/05\/AdobeStock_378563758-1-1536x1536.jpeg 1536w, https:\/\/studiodermostylist.fr\/wp-content\/uploads\/2022\/05\/AdobeStock_378563758-1-2048x2048.jpeg 2048w, https:\/\/studiodermostylist.fr\/wp-content\/uploads\/2022\/05\/AdobeStock_378563758-1-60x60.jpeg 60w\" sizes=\"auto, (max-width: 435px) 100vw, 435px\" \/>\t\t\t\t\t\t\t\t\t\t\t\t\t\t\t<\/div>\n\t\t\t\t<\/div>\n\t\t\t\t\t<\/div>\n\t\t<\/div>\n\t\t\t\t\t\t\t<\/div>\n\t\t<\/section>\n\t\t\t\t<section class=\"elementor-section elementor-top-section elementor-element elementor-element-7382832e elementor-section-height-min-height elementor-section-items-bottom elementor-section-stretched elementor-section-boxed elementor-section-height-default\" data-id=\"7382832e\" data-element_type=\"section\" data-settings=\"{&quot;stretch_section&quot;:&quot;section-stretched&quot;,&quot;background_background&quot;:&quot;classic&quot;}\">\n\t\t\t\t\t\t<div class=\"elementor-container elementor-column-gap-no\">\n\t\t\t\t\t<div class=\"elementor-column elementor-col-100 elementor-top-column elementor-element elementor-element-28269e40\" data-id=\"28269e40\" data-element_type=\"column\">\n\t\t\t<div class=\"elementor-widget-wrap elementor-element-populated\">\n\t\t\t\t\t\t\t\t<div class=\"elementor-element elementor-element-36aaddc2 elementor-widget elementor-widget-testimonial\" data-id=\"36aaddc2\" data-element_type=\"widget\" data-settings=\"{&quot;_animation&quot;:&quot;none&quot;}\" data-widget_type=\"testimonial.default\">\n\t\t\t\t<div class=\"elementor-widget-container\">\n\t\t\t\t\t<div class=\"elementor-testimonial-wrapper\">\n\t\t\t\t\t\t\t<div class=\"elementor-testimonial-content\">Un acompte de 20 % vous sera demand\u00e9 lors de la r\u00e9servation.  (paypal)<\/div>\n\t\t\t\n\t\t\t\t\t<\/div>\n\t\t\t\t<\/div>\n\t\t\t\t<\/div>\n\t\t\t\t\t<\/div>\n\t\t<\/div>\n\t\t\t\t\t\t\t<\/div>\n\t\t<\/section>\n\t\t\t\t<section class=\"elementor-section elementor-top-section elementor-element elementor-element-2d24b492 elementor-section-height-min-height elementor-section-items-bottom elementor-section-stretched elementor-section-boxed elementor-section-height-default\" data-id=\"2d24b492\" data-element_type=\"section\" data-settings=\"{&quot;stretch_section&quot;:&quot;section-stretched&quot;,&quot;background_background&quot;:&quot;classic&quot;}\">\n\t\t\t\t\t\t<div class=\"elementor-container elementor-column-gap-no\">\n\t\t\t\t\t<div class=\"elementor-column elementor-col-50 elementor-top-column elementor-element elementor-element-1c973ad7\" data-id=\"1c973ad7\" data-element_type=\"column\">\n\t\t\t<div class=\"elementor-widget-wrap elementor-element-populated\">\n\t\t\t\t\t\t\t\t<div class=\"elementor-element elementor-element-275515ef elementor-widget elementor-widget-testimonial\" data-id=\"275515ef\" data-element_type=\"widget\" data-settings=\"{&quot;_animation&quot;:&quot;none&quot;}\" data-widget_type=\"testimonial.default\">\n\t\t\t\t<div class=\"elementor-widget-container\">\n\t\t\t\t\t<div class=\"elementor-testimonial-wrapper\">\n\t\t\t\t\t\t\t<div class=\"elementor-testimonial-content\"><b>Redessinez au plus parfait<\/b><br>\nvos ar\u00e9oles mammaires\n<\/div>\n\t\t\t\n\t\t\t\t\t<\/div>\n\t\t\t\t<\/div>\n\t\t\t\t<\/div>\n\t\t\t\t<div class=\"elementor-element elementor-element-2e8045fc elementor-widget elementor-widget-testimonial\" data-id=\"2e8045fc\" data-element_type=\"widget\" data-settings=\"{&quot;_animation&quot;:&quot;none&quot;}\" data-widget_type=\"testimonial.default\">\n\t\t\t\t<div class=\"elementor-widget-container\">\n\t\t\t\t\t<div class=\"elementor-testimonial-wrapper\">\n\t\t\t\t\t\t\t<div class=\"elementor-testimonial-content\"><b>AR\u00c9OLES 3D REPAIR<\/b><br>\n\u00c9branl\u00e9es par les traitements et les op\u00e9rations, vous devez faire face \u00e0 une \u00ab reconstruction \u00bb physique et psychologique et <b>vous r\u00e9appropriez votre corps.<\/b><br><br>\nNotre <b>technique exclusive de reconstitution d\u2019ar\u00e9oles mammaires 3D<\/b> donne des<b> r\u00e9sultats spectaculaires.<\/b>\nCette pigmentation correctrice <b>3D<\/b>, enti\u00e8rement <b>sur mesure<\/b>, offre un r\u00e9sultat en trompe-l\u2019\u0153il <b>hyperr\u00e9aliste<\/b>, stup\u00e9fiant de <b>naturel<\/b> et d\u2019harmonie.\n<\/div>\n\t\t\t\n\t\t\t\t\t<\/div>\n\t\t\t\t<\/div>\n\t\t\t\t<\/div>\n\t\t\t\t\t<\/div>\n\t\t<\/div>\n\t\t\t\t<div class=\"elementor-column elementor-col-50 elementor-top-column elementor-element elementor-element-43e2b78b\" data-id=\"43e2b78b\" data-element_type=\"column\">\n\t\t\t<div class=\"elementor-widget-wrap elementor-element-populated\">\n\t\t\t\t\t\t\t\t<div class=\"elementor-element elementor-element-833b3ab elementor-widget elementor-widget-testimonial\" data-id=\"833b3ab\" data-element_type=\"widget\" data-settings=\"{&quot;_animation&quot;:&quot;none&quot;}\" data-widget_type=\"testimonial.default\">\n\t\t\t\t<div class=\"elementor-widget-container\">\n\t\t\t\t\t<div class=\"elementor-testimonial-wrapper\">\n\t\t\t\t\t\t\t<div class=\"elementor-testimonial-content\"><b>AR\u00c9OLE 3D REPAIR<\/b> Cr\u00e9ation compl\u00e8te d\u2019une Ar\u00e9ole mammaire en Trompe l\u2019\u0152il Effet 3D (Post mastectomie)<br><b>450 \u20ac<\/b><br><br>\n<b>AR\u00c9OLE 3D DUO REPAIR<\/b> Cr\u00e9ation Compl\u00e8te de Deux Ar\u00e9oles mammaires en Trompe l\u2019\u0152il Effet 3D (Post mastectomie)<br><b>800 \u20ac<\/b><\/div>\n\t\t\t\n\t\t\t\t\t<\/div>\n\t\t\t\t<\/div>\n\t\t\t\t<\/div>\n\t\t\t\t\t<\/div>\n\t\t<\/div>\n\t\t\t\t\t\t\t<\/div>\n\t\t<\/section>\n\t\t\t\t<section class=\"elementor-section elementor-top-section elementor-element elementor-element-76c7a136 elementor-section-height-min-height elementor-section-items-bottom elementor-section-stretched elementor-section-boxed elementor-section-height-default\" data-id=\"76c7a136\" data-element_type=\"section\" data-settings=\"{&quot;stretch_section&quot;:&quot;section-stretched&quot;}\">\n\t\t\t\t\t\t<div class=\"elementor-container elementor-column-gap-no\">\n\t\t\t\t\t<div class=\"elementor-column elementor-col-50 elementor-top-column elementor-element elementor-element-1d97c408\" data-id=\"1d97c408\" data-element_type=\"column\">\n\t\t\t<div class=\"elementor-widget-wrap elementor-element-populated\">\n\t\t\t\t\t\t\t\t<div class=\"elementor-element elementor-element-3550a502 elementor-widget elementor-widget-testimonial\" data-id=\"3550a502\" data-element_type=\"widget\" data-settings=\"{&quot;_animation&quot;:&quot;none&quot;}\" data-widget_type=\"testimonial.default\">\n\t\t\t\t<div class=\"elementor-widget-container\">\n\t\t\t\t\t<div class=\"elementor-testimonial-wrapper\">\n\t\t\t\t\t\t\t<div class=\"elementor-testimonial-content\"><b>Masquez les cicatrices op\u00e9ratoires<\/b><br>\nli\u00e9es \u00e0 un cancer\n<\/div>\n\t\t\t\n\t\t\t\t\t<\/div>\n\t\t\t\t<\/div>\n\t\t\t\t<\/div>\n\t\t\t\t<div class=\"elementor-element elementor-element-44516dc4 elementor-widget elementor-widget-testimonial\" data-id=\"44516dc4\" data-element_type=\"widget\" data-settings=\"{&quot;_animation&quot;:&quot;none&quot;}\" data-widget_type=\"testimonial.default\">\n\t\t\t\t<div class=\"elementor-widget-container\">\n\t\t\t\t\t<div class=\"elementor-testimonial-wrapper\">\n\t\t\t\t\t\t\t<div class=\"elementor-testimonial-content\"><b>NEWSKIN NEEDLING REPAIR<\/b><br>\nDes techniques exclusives tr\u00e8s performantes de <b>camouflage des cicatrices hyper, hypotrophiques ou d\u00e9pigment\u00e9es du visage et du corps.<\/b><br><br>\nElles sont naturellement mises \u00e0 profit pour les suites d\u2019interventions chirurgicales li\u00e9es \u00e0 un cancer.<br><br><b>\nNEWSKIN NEEDLING REPAIR<\/b>, en relan\u00e7ant le processus de cicatrisation de la peau, a le pouvoir <b>d\u2019aplanir les cicatrices<\/b> en quelques s\u00e9ances, m\u00eame sur une zone \u00e9tendue du visage ou du corps.<br>\n<b>WHITE SCAR repigmente les cicatrices blanches<\/b> \u00e0 la couleur de votre peau.<br><br>\nCes deux techniques peuvent \u00eatre conjugu\u00e9es. N\u2019h\u00e9sitez pas \u00e0 me demander conseils et explications.\n<\/div>\n\t\t\t\n\t\t\t\t\t<\/div>\n\t\t\t\t<\/div>\n\t\t\t\t<\/div>\n\t\t\t\t\t<\/div>\n\t\t<\/div>\n\t\t\t\t<div class=\"elementor-column elementor-col-50 elementor-top-column elementor-element elementor-element-64d7d97b\" data-id=\"64d7d97b\" data-element_type=\"column\">\n\t\t\t<div class=\"elementor-widget-wrap elementor-element-populated\">\n\t\t\t\t\t\t\t\t<div class=\"elementor-element elementor-element-36a0296a elementor-widget elementor-widget-testimonial\" data-id=\"36a0296a\" data-element_type=\"widget\" data-settings=\"{&quot;_animation&quot;:&quot;none&quot;}\" data-widget_type=\"testimonial.default\">\n\t\t\t\t<div class=\"elementor-widget-container\">\n\t\t\t\t\t<div class=\"elementor-testimonial-wrapper\">\n\t\t\t\t\t\t\t<div class=\"elementor-testimonial-content\"><b>NEWSKIN NEEDLING REPAIR<\/b> Camouflage de Cicatrices Hypo ou Hyper Trophiques avec Pigmentation Correctrice  <br>\n- S\u00e9ance de 25 minutes - 80 \u20ac<br>\n- S\u00e9ance de 50 minutes - 150 \u20ac<br><br>\n<b>WHITE SCAR<\/b> Camouflage de Cicatrices<br>\n- 1 Zone jusqu\u2019\u00e0 3 cm - 270 \u20ac<br>\n- 1 Zone jusqu\u2019\u00e0 8 cm - 450 \u20ac<br>\n- 1 Zone jusqu\u2019\u00e0 15 cm - 900 \u20ac\n\n<\/div>\n\t\t\t\n\t\t\t\t\t<\/div>\n\t\t\t\t<\/div>\n\t\t\t\t<\/div>\n\t\t\t\t\t<\/div>\n\t\t<\/div>\n\t\t\t\t\t\t\t<\/div>\n\t\t<\/section>\n\t\t\t\t<section class=\"elementor-section elementor-top-section elementor-element elementor-element-d120d38 elementor-section-height-min-height elementor-section-items-bottom elementor-section-stretched elementor-section-boxed elementor-section-height-default\" data-id=\"d120d38\" data-element_type=\"section\" data-settings=\"{&quot;stretch_section&quot;:&quot;section-stretched&quot;,&quot;background_background&quot;:&quot;classic&quot;}\">\n\t\t\t\t\t\t<div class=\"elementor-container elementor-column-gap-no\">\n\t\t\t\t\t<div class=\"elementor-column elementor-col-50 elementor-top-column elementor-element elementor-element-a4a4ca6\" data-id=\"a4a4ca6\" data-element_type=\"column\">\n\t\t\t<div class=\"elementor-widget-wrap elementor-element-populated\">\n\t\t\t\t\t\t\t\t<div class=\"elementor-element elementor-element-e6a6db2 elementor-widget elementor-widget-testimonial\" data-id=\"e6a6db2\" data-element_type=\"widget\" data-settings=\"{&quot;_animation&quot;:&quot;none&quot;}\" data-widget_type=\"testimonial.default\">\n\t\t\t\t<div class=\"elementor-widget-container\">\n\t\t\t\t\t<div class=\"elementor-testimonial-wrapper\">\n\t\t\t\t\t\t\t<div class=\"elementor-testimonial-content\"><b>Compensez les effets secondaires<\/b><br>\nde la chimioth\u00e9rapie\n<\/div>\n\t\t\t\n\t\t\t\t\t<\/div>\n\t\t\t\t<\/div>\n\t\t\t\t<\/div>\n\t\t\t\t<div class=\"elementor-element elementor-element-208e1cc elementor-widget elementor-widget-testimonial\" data-id=\"208e1cc\" data-element_type=\"widget\" data-settings=\"{&quot;_animation&quot;:&quot;none&quot;}\" data-widget_type=\"testimonial.default\">\n\t\t\t\t<div class=\"elementor-widget-container\">\n\t\t\t\t\t<div class=\"elementor-testimonial-wrapper\">\n\t\t\t\t\t\t\t<div class=\"elementor-testimonial-content\"><b>HAIR STROKE REPAIR<\/b><br>\nPraticienne de maquillage permanent j\u2019associe naturellement mon savoir-faire \u00e0 nos prestations Life Repair, pour <b>pallier la perte des sourcils<\/b> due \u00e0 la chimioth\u00e9rapie.<br><br>\nAppliqu\u00e9s avec une extr\u00eame finesse, nos pigments <b>vegan derni\u00e8re g\u00e9n\u00e9ration<\/b>, sans allerg\u00e8nes ni conservateurs, permettent de donner <b>l\u2019illusion tr\u00e8s naturelle du poil<\/b> \u00e0 l\u2019int\u00e9rieur du sourcil par la technique du HAIR STROKE REPAIR.<br><br>\n<b>Conseill\u00e9e avant le d\u00e9but du traitement<\/b> pour conserver sans rupture l\u2019intensit\u00e9 du regard, ce soin peut tout \u00e0 fait \u00eatre r\u00e9alis\u00e9 apr\u00e8s avec l\u2019accord de votre m\u00e9decin.<\/div>\n\t\t\t\n\t\t\t\t\t<\/div>\n\t\t\t\t<\/div>\n\t\t\t\t<\/div>\n\t\t\t\t\t<\/div>\n\t\t<\/div>\n\t\t\t\t<div class=\"elementor-column elementor-col-50 elementor-top-column elementor-element elementor-element-de830c3\" data-id=\"de830c3\" data-element_type=\"column\">\n\t\t\t<div class=\"elementor-widget-wrap elementor-element-populated\">\n\t\t\t\t\t\t\t\t<div class=\"elementor-element elementor-element-4884bb6 elementor-widget elementor-widget-testimonial\" data-id=\"4884bb6\" data-element_type=\"widget\" data-settings=\"{&quot;_animation&quot;:&quot;none&quot;}\" data-widget_type=\"testimonial.default\">\n\t\t\t\t<div class=\"elementor-widget-container\">\n\t\t\t\t\t<div class=\"elementor-testimonial-wrapper\">\n\t\t\t\t\t\t\t<div class=\"elementor-testimonial-content\"><b>HAIR STROKE REPAIR<\/b> Cr\u00e9ation d\u2019un sourcil permettent de donner l\u2019illusion tr\u00e8s naturelle du poil <br><b>350 \u20ac<\/b><\/div>\n\t\t\t\n\t\t\t\t\t<\/div>\n\t\t\t\t<\/div>\n\t\t\t\t<\/div>\n\t\t\t\t\t<\/div>\n\t\t<\/div>\n\t\t\t\t\t\t\t<\/div>\n\t\t<\/section>\n\t\t\t\t<section class=\"elementor-section elementor-top-section elementor-element elementor-element-48bd88f2 elementor-section-boxed elementor-section-height-default elementor-section-height-default\" data-id=\"48bd88f2\" data-element_type=\"section\">\n\t\t\t\t\t\t<div class=\"elementor-container elementor-column-gap-default\">\n\t\t\t\t\t<div class=\"elementor-column elementor-col-100 elementor-top-column elementor-element elementor-element-7a40637b\" data-id=\"7a40637b\" data-element_type=\"column\">\n\t\t\t<div class=\"elementor-widget-wrap elementor-element-populated\">\n\t\t\t\t\t\t\t\t<div class=\"elementor-element elementor-element-53783eb9 elementor-align-center elementor-widget elementor-widget-button\" data-id=\"53783eb9\" data-element_type=\"widget\" data-widget_type=\"button.default\">\n\t\t\t\t<div class=\"elementor-widget-container\">\n\t\t\t\t\t<div class=\"elementor-button-wrapper\">\n\t\t\t<a href=\"https:\/\/studiodermostylist.fr\/?page_id=19\" class=\"elementor-button-link elementor-button elementor-size-sm\" role=\"button\">\n\t\t\t\t\t\t<span class=\"elementor-button-content-wrapper\">\n\t\t\t\t\t\t<span class=\"elementor-button-text\">DERMOPIGMENTATION R\u00c9PARATRICE<\/span>\n\t\t<\/span>\n\t\t\t\t\t<\/a>\n\t\t<\/div>\n\t\t\t\t<\/div>\n\t\t\t\t<\/div>\n\t\t\t\t\t<\/div>\n\t\t<\/div>\n\t\t\t\t\t\t\t<\/div>\n\t\t<\/section>\n\t\t\t\t\t\t\t<\/div>\n\t\t","protected":false},"excerpt":{"rendered":"<p>Vous reconstruireapr\u00e8s le cancer Un acompte de 20 % vous sera demand\u00e9 lors de la r\u00e9servation. (paypal) Redessinez au plus parfait vos ar\u00e9oles mammaires AR\u00c9OLES 3D REPAIR \u00c9branl\u00e9es par les traitements et les op\u00e9rations, vous devez faire face \u00e0 une \u00ab reconstruction \u00bb physique et psychologique et vous r\u00e9appropriez votre corps. Notre technique exclusive de &hellip; <\/p>\n","protected":false},"author":1,"featured_media":0,"parent":0,"menu_order":0,"comment_status":"closed","ping_status":"closed","template":"","meta":{"footnotes":""},"class_list":["post-1378","page","type-page","status-publish","hentry"],"_links":{"self":[{"href":"https:\/\/studiodermostylist.fr\/index.php?rest_route=\/wp\/v2\/pages\/1378","targetHints":{"allow":["GET"]}}],"collection":[{"href":"https:\/\/studiodermostylist.fr\/index.php?rest_route=\/wp\/v2\/pages"}],"about":[{"href":"https:\/\/studiodermostylist.fr\/index.php?rest_route=\/wp\/v2\/types\/page"}],"author":[{"embeddable":true,"href":"https:\/\/studiodermostylist.fr\/index.php?rest_route=\/wp\/v2\/users\/1"}],"replies":[{"embeddable":true,"href":"https:\/\/studiodermostylist.fr\/index.php?rest_route=%2Fwp%2Fv2%2Fcomments&post=1378"}],"version-history":[{"count":38,"href":"https:\/\/studiodermostylist.fr\/index.php?rest_route=\/wp\/v2\/pages\/1378\/revisions"}],"predecessor-version":[{"id":1758,"href":"https:\/\/studiodermostylist.fr\/index.php?rest_route=\/wp\/v2\/pages\/1378\/revisions\/1758"}],"wp:attachment":[{"href":"https:\/\/studiodermostylist.fr\/index.php?rest_route=%2Fwp%2Fv2%2Fmedia&parent=1378"}],"curies":[{"name":"wp","href":"https:\/\/api.w.org\/{rel}","templated":true}]}}